 Calculate the remainder when p is divided by 33.
31
Suppose 4*z - 884 = -p, 3870 = 4*p + z + 334. Calculate the remainder when p is divided by 59.
58
What is the remainder when ((-510)/4 - -1)/(((-130)/(-20))/(-13)) is divided by 56?
29
Let n(c) = -9*c - 6. Suppose 12*i - 7*i - 56 = -2*i. Calculate the remainder when n(-5) is divided by i.
7
Suppose 4*t - 1 + 0 = 3*h, t - 5 = -4*h. Calculate the remainder when 322/3 - (-5 - (-52)/12) is divided by 20 + 2/h + 0.
20
Let f = 5685 + -5528. Let z(s) = 18*s**2 - 5*s - 1. Calculate the remainder when f is divided by z(-2).
76
Let j(x) = -2*x + 57. Let r be j(6). Suppose 0*d + r = d. Calculate the remainder when 125 is divided by d.
35
Let l = 19470 + -17280. What is the remainder when l is divided by 14?
6
Let z = 37517 + -34408. Calculate the remainder when z is divided by 346.
341
Suppose -o + 20 = -4*v, 16 = o - 5*v + 1. Suppose -2*m + 236 = o. Suppose 14*c = 12*c - 4, 0 = -3*d - 3*c + 72. Calculate the remainder when m is divided by d.
20
Let n = -20880 + 20892. Calculate the remainder when 8121 is divided by n.
9
Suppose 0 = -8*u + 205 - 21. Let k = -497 - -1024. What is the remainder when k is divided by u?
21
Suppose 7568 = 45*a + 1016 - 4518. What is the remainder when a is divided by 60?
6
Suppose 2*u + o + 63 = 245, -4*u - 4*o + 360 = 0. What is the remainder when 221 is divided by u?
37
Let b(f) = -f**3 + 6*f**2 - 7*f + 10. Let v be b(5). Suppose v*z = -z + 51. Calculate the remainder when z is divided by 20.
11
Let o = 120 + -18. Suppose -2*d = z - 20, 0 = 5*d - 3*d + 6. Calculate the remainder when o is divided by z.
24
Let o(t) = -t**3 - t**2 - 15*t - 8. Calculate the remainder when 59 is divided by o(-3).
4
Let r = 4126 + -4006. What is the remainder when r is divided by 31?
27
Let n(c) = -14*c - 17 - 25 + 4 - 1 + 2*c**2. Calculate the remainder when n(-6) is divided by 18.
9
Calculate the remainder when 254 is divided by (-169534)/(-1554) - (-4)/(-42).
36
Suppose -5*t + 3*l = -215, -3*t + 123 = -0*t - 3*l. Let j = 74 - t. Suppose 11*k - 27 = j. Calculate the remainder when 27 is divided by k.
2
Let s(p) be the second derivative of 0*p**4 + 5*p**2 - 5/6*p**3 - 18*p + 1/20*p**5 + 0. Calculate the remainder when 42 is divided by s(3).
20
Let y = 41 + -34. Let u = y + 38. Suppose 2*b = u + 29. What is the remainder when 73 is divided by b?
36
Let z be -2*2*(-12)/(-32)*36. Let a = z + 85. Calculate the remainder when a is divided by 23.
8
Suppose -2*o = 3*y - 5*o + 15, 4*y - 2*o + 18 = 0. Calculate the remainder when 51 is divided by ((-52)/39)/(y/27).
6
Suppose 4*n - n = -a - 330, -2*n + a - 225 = 0. Let o = n - -116. Suppose 0 = v - o*v + 188. Calculate the remainder when v is divided by 13.
8
Let a(w) = 262*w + 805. What is the remainder when 58 is divided by a(-3)?
1
What is the remainder when 178 is divided by (-55 + -2)/(14/((-770)/33))?
83
Calculate the remainder when 488 is divided by 20/(-25) + (-2)/(20/(-818)).
2
Suppose -4*i = 6*g - 7*g + 35, 3*g - 5*i = 70. What is the remainder when 90 is divided by g?
0
Calculate the remainder when 68 is divided by (-25 + 26)*9 - -5*7.
24
Let v = 3721 - 2560. What is the remainder when v is divided by 12?
9
Suppose 193 = 3*w - 680. Let d = w - 166. Let m = 620 - 599. Calculate the remainder when d is divided by m.
20
Let s be ((-4)/(-10))/(15/150). Suppose k + r = -2*k + 47, -2*k - s*r = -28. Calculate the remainder when 41 is divided by k.
9
Suppose 0 = w + 4*x + 12, x + 5 = -4*w + 2. Let n(q) = q**2 + 4*q - 4. Let r be n(w). Calculate the remainder when 77 is divided by (r/(-12))/(3/117).
12
Let a(u) = -3*u**3 - 65*u**2 - 24*u - 175. What is the remainder when a(-23) is divided by 12?
9
Suppose 136 = 5*z - z. What is the remainder when 4*(1 + 6 - (-16 + 6)*12) is divided by z?
32
Let z(f) = 2*f**2 + 3*f - 851. What is the remainder when 1*51*(-6)/(-9) is divided by z(20)?
7
Let d = -425 + 431. Calculate the remainder when (1288/24)/7*d is divided by 17.
12
Let n(t) = -t + 4. Let c = -95 - -100. Suppose -264 = -c*d - 6*d. Calculate the remainder when d is divided by n(-4).
0
What is the remainder when (-19446)/(-6945)*(8410/4)/1 is divided by 105?
7
Let s be (2*-19)/(3 + -5). Suppose -l - 2*l + c + s = 0, -4*l - 4*c + 20 = 0. What is the remainder when 18 is divided by (2 - 32/l)/(2/(-3))?
3
Let g = 33 - -11. Suppose 366 = -760*k + 547*k + 566 + 1717. What is the remainder when g is divided by k?
8
Let s = -158 - -149. Calculate the remainder when 2*((s - -5) + 5) is divided by 1.
0
Suppose 0 = 151*j - 150*j - 4. Let m be 0 + (3 - 33*-2). Suppose -2*y = 2*r - 48, j*r - m - 50 = -5*y. Calculate the remainder when y is divided by 12.
11
Let j be (1 + -15)*(-60)/35. Suppose 3*c = -h - 5 + j, -3*h + 3*c = -45. Let s(m) = -3*m + 31. What is the remainder when s(0) is divided by h?
15
Let v = -4055 - -4250. What is the remainder when v is divided by 51?
42
Let m be 33575/255 + -2*2/(-12). Let b = 147 - m. What is the remainder when b is divided by 12?
3
Let o(a) = a + 1. Let c = 7 + 0. Let b(r) = 22*r**3 + 175*r**2 - 16*r - 35. Calculate the remainder when b(-8) is divided by o(c).
5
Suppose 20*w - 17*w - 104 = 2*t, -44 = -w - 4*t. What is the remainder when 30 is divided by -39*(-18)/w*2/3?
4
Suppose -43*u - 7256 + 338958 = 0. Calculate the remainder when u/84 + 4/24 is divided by 28.
8
Suppose 3*r - 4*g = 408, -4*g + 2698 = 5*r + 2114. What is the remainder when 442 is divided by r?
70
Let m = 959 + -834. What is the remainder when 221 is divided by m?
96
Let r = -12695 + 12746. Calculate the remainder when 534 is divided by r.
24
Let i = 34 - 38. Let p be (45/(-18))/((-2)/i). Let y(x) = -9*x - 6. Calculate the remainder when y(p) is divided by 14.
11
Let w be (-6)/4 - (-6090)/60. Let c = -6 + w. What is the remainder when c is divided by 24?
22
Let w be (-1)/6 - 2/36*-3. Suppose -32 = -o - 4*x, -2*x - 182 = -w*o - 5*o. Calculate the remainder when 322 is divided by o.
34
Suppose 21*u + 112*u - 7448 = 0. What is the remainder when 120 is divided by u?
8
Let b = 21077 - 14330. What is the remainder when b is divided by 17?
15
Let o = 22 - 5. Suppose 0*d + 68 = 17*d. Suppose -r = -d*c - 47, 3*c = -r - c + 87. Calculate the remainder when r is divided by o.
16
Suppose 0 = 3*i - 90 - 192. Let u = i + -57. Let a(s) = s**2 - s + 8. Calculate the remainder when u is divided by a(0).
5
Let m = 16459 - 16426. Let x(l) = 6*l**2 + 3*l - 2. What is the remainder when x(4) is divided by m?
7
Let p(r) = 15*r + 0*r + 27 - 16*r**3 + 15*r**3. Calculate the remainder when p(-7) is divided by 38.
37
Suppose 25*c = 27*c - 36. Let f = 168 + -144. Calculate the remainder when f is divided by c.
6
Suppose 3*s - 57 = 78. Suppose n = 2*c + 74, 113*n + 243 = 116*n - 3*c. What is the remainder when n is divided by s?
43
Suppose 57834 = 60*v - 106686. Calculate the remainder when v is divided by 13.
12
What is the remainder when -11*72/3564 + (-4360)/(-18) is divided by 132?
110
Let z = -2144 - -3004. Let i = z + -798. Calculate the remainder when 304 is divided by i.
56
Let t = -18910 + 26873. What is the remainder when t is divided by 15?
13
Suppose 171*r - 143 = -171*r + 341*r. Let p(f) = -f**2 + 12*f - 9. What is the remainder when r is divided by p(9)?
17
Let y = 6231 + -5800. What is the remainder when y is divided by 54?
53
Let j be 1*(-123)/12*-28. Suppose 5*t - 510 = -s - 60, 4*s - j = -3*t. What is the remainder when t is divided by -3 - (-30)/1 - 4?
20
Suppose -2*x + p = -133, x - p = p + 68. Let z = 174 + -147. Calculate the remainder when x is divided by z.
12
Let h(u) = -u**3 + 7*u**2 + 19*u + 3. Let c be h(9). Suppose 100 + 56 = c*l. Let s(b) = -12*b + 4. What is the remainder when s(-5) is divided by l?
12
Calculate the remainder when 1584*(8 - (484/6)/11) is divided by 53.
49
What is the remainder when 261 is divided by 52/5 - (-7)/(-140)*-32?
9
Let k be (4/(-6))/((-1)/3). Let y(o) = 7*o**2 - 7*o + 8. Calculate the remainder when 61 is divided by y(k).
17
Suppose 0 = -103*o + 99*o + 28. Calculate the remainder when 107 is divided by 2*29 - ((-28)/o - -7).
52
Suppose 2*u = -5*w + 6*w - 2, 2*u + 5*w - 10 = 0. Suppose u = -40*h + 36*h + 176. What is the remainder when 63 is divided by h?
19
Suppose -6*d + 270 = -0*d. Suppose 1017 - d = 27*n. What is the